= -6*l - 3*k + 9647, -5*l = -3*k - 18104. What is the highest common factor of 250 and l?
125
Let f(r) = -22*r**2 + 2*r - 1. Let k be f(1). Let g be 6/k + 240/7. Let i = -308 - -393. What is the highest common divisor of g and i?
17
Suppose -101*m = -17007 - 14101. What is the greatest common divisor of 231 and m?
77
Let v = -5912 + 8244. Calculate the greatest common factor of 1696 and v.
212
Let v(c) = c + 17. Let d(i) = i + 17. Let b(f) = 5*d(f) - 4*v(f). Let w be b(3). Let p be 295/4 + 5/w. What is the highest common divisor of p and 185?
37
Let j(m) = -m**2 + 10*m - 20. Let d be j(6). Suppose -d*i - 16 = 0, -i = t - 5*i - 31. Suppose 4*n = n + t. What is the greatest common divisor of n and 40?
5
Let o(f) = 13*f**2 - 14*f - 34. Let l be o(-8). Let a(d) = -6*d - 17. Let q be a(-5). Calculate the greatest common divisor of l and q.
13
Suppose -3*u + 137277 = l, 35*u + 3*l - 137271 = 32*u. What is the greatest common divisor of 220 and u?
220
Suppose 14*r = -5*m + 17*r + 35097, 3*m + 5*r - 21065 = 0. Calculate the greatest common factor of 5 and m.
5
Let l(q) = 81*q**2 + 17*q - 2. Let s be l(10). What is the greatest common divisor of 52 and s?
52
Let o(n) = 2*n**2 + 44*n - 618. Let u be o(-42). What is the highest common factor of u and 18?
18
Let z = -335 - -1035. Calculate the greatest common factor of z and 35.
35
Let r(u) = 157*u**2 + 94*u + 2. Let t be r(-1). Let c = 35 + -55. Let o = 46 + c. Calculate the greatest common factor of t and o.
13
Suppose 0 = 5*j + 2*q - 711, -4*j - 211 = -q - 785. Calculate the greatest common divisor of 13 and j.
13
Let y be -8 + 1650 + 9 + 13. Calculate the highest common factor of 1144 and y.
104
Let r be ((-246624)/7)/(-12) - 8. Calculate the greatest common factor of 48 and r.
48
Suppose 53*i = 50*i - r + 1995, 5*i = 3*r + 3297. What is the greatest common divisor of i and 195?
39
Let w(q) = 2*q**2 - 259*q + 2205. Let z be w(9). Let v = 5 + -9. Let j be (3/v)/(2/(-64)). What is the greatest common factor of j and z?
12
Let a(g) = 7*g**2 - 6*g + 6. Let h be a(3). Let r be 15057/126 - ((-25)/10)/(-5). Calculate the highest common divisor of r and h.
17
Let t(m) = 24*m**2 - 251*m + 170. Let h be t(19). What is the highest common factor of 15 and h?
15
Let u be 6 + (-6 - -130) + 3. Suppose -3*a = -5*v + u, -4*v + 12*a + 112 = 11*a. What is the highest common divisor of v and 203?
29
Suppose -3*r + 90 = -3*l, 5*l = -2*r - 0 + 53. Calculate the highest common factor of r and 1015.
29
Let x = 3 - 1. Suppose 0 = 3*j - 5*p - 432, -2*j + x*p = -0*p - 288. Let y = -2 - -18. What is the greatest common factor of y and j?
16
Suppose 0 = -4*a + 2*a + 14. Let k(w) = -7*w + a*w - 12 - 12*w - 13*w. Let b be k(-4). Calculate the greatest common factor of b and 8.
8
Suppose -2*q + 81 = 1. Let w = 0 + q. What is the highest common factor of w and 16?
8
Suppose -n - 53 = -5*d + 34, -5*n + 4*d - 393 = 0. Let m = n + 78. Calculate the highest common factor of 4 and m.
1
Let q = 446 - -274. Calculate the highest common factor of 9 and q.
9
Suppose 3*r + 9442 = 83*c - 79*c, -4*c + 9406 = 3*r. What is the greatest common divisor of c and 228?
76
Suppose 5*t + 5*r - 350 = 0, -2*r = t - 7*r - 82. Let h = -46622 - -46640. What is the highest common factor of h and t?
18
Suppose -5*n + 50 = 0, 420 = 5*s + 12*n - 10*n. Suppose 4*y - 138 = 2*f, 3*y - 71 = 3*f - 8*f. What is the greatest common factor of s and y?
16
Let n(g) = 168*g**3 - 2*g**2 + 3*g - 2. Let q be n(1). Let b = q + -111. Calculate the highest common factor of b and 14.
14
Let r be 10/((-84687)/(-14112) - 6). What is the greatest common factor of 48 and r?
48
Let g(d) = -96*d. Let i be g(-2). Suppose 3*f - 204 = -176*l + 172*l, -3*l = -f + 81. Calculate the greatest common divisor of i and f.
24
Let v be 2/(-7) + 5/(315/18). Suppose -8*a - 40 = -3*h - 4*a, -4*h + 4*a + 60 = v. Calculate the highest common factor of h and 15.
5
Let v be (6 + -2 + 25212/176)*40. What is the highest common divisor of 950 and v?
190
Suppose 103 = 36*t + 463. Let s be 3/5 - 214/t. Calculate the highest common divisor of 110 and s.
22
Suppose 6*i + 3*i = -2*i. Suppose i = 21*v - 626 - 949. Calculate the greatest common divisor of 30 and v.
15
Let t = -95 + 162. Suppose 2*x - 51 + 193 = 2*j, 5*x = j - t. Let b = 1 + 17. Calculate the highest common divisor of b and j.
18
Let s(o) = o**3 - 10*o**2 - 12*o - 39. Let r be s(11). Let i = -8 - r. Calculate the highest common factor of 126 and i.
42
Suppose -2216 = -2*k - 2*n, 12*k - 2*n = 17*k - 5534. Calculate the highest common divisor of k and 14.
14
Suppose 21*t - 20965 = -6643. Calculate the greatest common divisor of t and 132.
22
Suppose -1160*x - 327980 = -1206*x. Calculate the greatest common divisor of x and 46.
46
Suppose 0 = -4*x - 0*x + 420. Let y be (-16)/112 - (-2 + 4436/14). Let z be 60/9*(y/6)/(-5). Calculate the highest common factor of z and x.
35
Suppose i - 36 = -3*p - 10, 32 = 4*p + 2*i. Calculate the highest common factor of 4660 and p.
10
Suppose -2*x + 2*j + 198 = 0, 5*x - 295 = 2*x + j. Let n = -97 + x. Let t be n + 0 + (3 + 300 - -1). Calculate the highest common factor of t and 61.
61
Let q be (10/(-25) - 0)*(-525)/(-3). Let i = -65 - q. Suppose -2*k = -55 - 105. What is the greatest common divisor of k and i?
5
Suppose -104*b = -132*b + 226660. What is the greatest common divisor of b and 5?
5
Let z = -41493 + 42501. Calculate the highest common factor of 77 and z.
7
Suppose -2*p - m = -93, -3*p - 4*m + 101 = -51. What is the greatest common factor of p and 128?
4
Suppose 5 = -17*g + 22. Let m be (-1 - (g + 58))*27/(-18). Calculate the greatest common divisor of m and 36.
18
Let c = 81 - 49. Suppose -5*r = -b + 42, 4*b - 51 = 3*b - 4*r. Let i = b + -39. What is the highest common divisor of i and c?
8
Suppose -40*s + 1065 = -1135. Calculate the highest common factor of 160 and s.
5
Let u(q) = -61*q - 899. Let f be u(-16). Calculate the greatest common divisor of f and 49.
7
Let n be 1/2 - (-936)/(-16). Let m = n + 162. Let a = 252 + -239. What is the greatest common factor of m and a?
13
Let h be (-144)/(-120)*(104 + 1)*474. What is the highest common factor of 189 and h?
189
Suppose l = -4*l + 20. Suppose -4*i - 4*h - 244 = 0, 5*i - i - l*h + 244 = 0. Let c = i + 142. What is the greatest common divisor of 27 and c?
27
Let s(a) = 9*a**2 + 38*a - 18. Let w be s(-5). Let i = 0 + 5. Suppose -p = -5, i*q - 405 = 3*p + p. What is the greatest common factor of w and q?
17
Let l = -89 - -91. Suppose 3*m - 12 = 0, l*n - m - 17 = -3. Suppose n*h - 99 = 6*h. Calculate the highest common factor of 264 and h.
33
Let n(y) = 2*y + 10. Suppose 4*k - 2*k = 3*f + 57, 5*k + 2*f - 95 = 0. Let q be n(k). Let d = q - -46. Calculate the greatest common factor of 14 and d.
14
Let c(s) = 2*s - 151*s**2 - 10*s + 12*s + 2. Let m be c(2). Let n be (m/24)/((-3)/16). What is the highest common divisor of n and 12?
12
Suppose -5040 = -303*y - 301*y + 584*y. What is the highest common divisor of y and 420?
84
Let z(g) = 3*g**2 - 29*g - 32. Let n be z(12). Let a(p) = -104*p. Let f be a(-2). Calculate the highest common divisor of f and n.
52
Let n(u) = 8*u + 39. Let t be n(-5). Let x be (-260)/(-25) + t/5*2. What is the highest common factor of 50 and x?
10
Let s(j) = j**2 + 22*j - 3623. Let a be s(-95). Calculate the highest common divisor of a and 96.
48
Let d = 24 + -15. Suppose 19 + 17 = -d*x. Let w be (3 - 2)*22*(-34)/x. What is the highest common factor of 17 and w?
17
Suppose 5*x = -3*l + 29484 + 47219, 61365 = 4*x + 5*l. Suppose 0 = -4*i + 24*i - x. Calculate the greatest common factor of i and 13.
13
Suppose 102 = -h + 101, 5*h + 14 = 3*j. Let k(m) = -m**3 + 7*m**2 + 3*m - 13. Let c be k(j). What is the greatest common factor of c and 12?
4
Let s(a) = -a**2 + 18*a - 5. Let b be s(18). Let f be (-822)/(-30) - 3/b. Let r = 36 - f. What is the greatest common divisor of 72 and r?
8
Suppose 60*v + 21*v - 577076 = -8*v. Calculate the highest common divisor of 8 and v.
4
Suppose 4*l - 648 - 248 = 0. Let q = 4813 - 4785. Calculate the highest common divisor of q and l.
28
Let f be (-282)/(-15) - 1/(-5). Let h be 7 - (-3)/((-6)/4). Suppose 4*a + h*g - 659 = 0, 0 = -0*g - 5*g - 25. What is the greatest common factor of f and a?
19
Let a(m) = 1